{"id":667,"date":"2012-03-02T20:46:12","date_gmt":"2012-03-02T18:46:12","guid":{"rendered":"http:\/\/www.ataciara.fi\/?page_id=667"},"modified":"2017-06-21T15:35:31","modified_gmt":"2017-06-21T12:35:31","slug":"neatut-nani-natibvik-aatu","status":"publish","type":"page","link":"http:\/\/www.ataciara.fi\/?page_id=667","title":{"rendered":"Neatut Nani Natibvik (Aatu)"},"content":{"rendered":"<div id=\"attachment_1591\" style=\"width: 2510px\" class=\"wp-caption alignleft\"><a href=\"http:\/\/www.ataciara.fi\/alaskanmalamuutit\/neatut-nani-natibvik-aatu\/asdfghjkl\/\" rel=\"attachment wp-att-1591\"><img aria-describedby=\"caption-attachment-1591\" decoding=\"async\" loading=\"lazy\" class=\"wp-image-1591 size-full\" src=\"http:\/\/www.ataciara.fi\/wp-content\/uploads\/2012\/03\/asdfghjkl.jpg\" alt=\"\" width=\"2500\" height=\"1666\" srcset=\"http:\/\/www.ataciara.fi\/wp-content\/uploads\/2012\/03\/asdfghjkl.jpg 2500w, http:\/\/www.ataciara.fi\/wp-content\/uploads\/2012\/03\/asdfghjkl-300x200.jpg 300w, http:\/\/www.ataciara.fi\/wp-content\/uploads\/2012\/03\/asdfghjkl-768x512.jpg 768w, http:\/\/www.ataciara.fi\/wp-content\/uploads\/2012\/03\/asdfghjkl-1024x682.jpg 1024w\" sizes=\"(max-width: 2500px) 100vw, 2500px\" \/><\/a><p id=\"caption-attachment-1591\" class=\"wp-caption-text\">Aatu 5v<\/p><\/div>\n<p><a href=\"http:\/\/jalostus.kennelliitto.fi\/frmKoira.aspx?RekNo=FI16608%2F12&amp;R=243\">Aatu koiranetiss\u00e4<\/a><\/p>\n<ul>\n<li><strong>Rekisterinumero<\/strong>: FI16608\/12<\/li>\n<li><strong>Syntym\u00e4aika<\/strong>: 21.1. 2012<\/li>\n<li><strong>V\u00e4ri<\/strong>: Harmaa valkoinen<\/li>\n<li><strong>Terveystulokset<\/strong>:\n<ul>\n<li>11.6.2013 silm\u00e4t ok<\/li>\n<li>11.6.2013 polvet 0\/0<\/li>\n<li>21.3.2014 Lonkkanivel A\/A<\/li>\n<li>21.3.2014 Kyyn\u00e4rnivel 0\/0<\/li>\n<\/ul>\n<\/li>\n<li><strong>muuta<\/strong>:\n<ul>\n<li>coat length: N\/F (carrier)<\/li>\n<li>polyneuropatia terve (vanhempien tulosten perusteella)<\/li>\n<\/ul>\n<\/li>\n<li><strong>N\u00e4yttelyt<\/strong>: Jun EH<\/li>\n<li><strong>Tulokset<\/strong>: KVK 1,Rek 1 (Ylikiiminki 2015) Rek 2 (Ylikiiminki 2014, J\u00e4mij\u00e4rvi 2014)\u00a0Rek 2 (Hyrynsalmi 14.1.2017), Rek 2 (Lieksa 19.2.2017)<\/li>\n<\/ul>\n<p>&nbsp;<\/p>\n<ul>\n<li><a href=\"http:\/\/www.ataciara.fi\/alaskanmalamuutit\/neatut-nani-natibvik-aatu\/ytyh\/\" rel=\"attachment wp-att-1590\"><img decoding=\"async\" loading=\"lazy\" class=\"alignleft size-medium wp-image-1590\" src=\"http:\/\/www.ataciara.fi\/wp-content\/uploads\/2012\/03\/ytyh-200x300.jpg\" alt=\"\" width=\"200\" height=\"300\" srcset=\"http:\/\/www.ataciara.fi\/wp-content\/uploads\/2012\/03\/ytyh-200x300.jpg 200w, http:\/\/www.ataciara.fi\/wp-content\/uploads\/2012\/03\/ytyh-768x1152.jpg 768w, http:\/\/www.ataciara.fi\/wp-content\/uploads\/2012\/03\/ytyh-683x1024.jpg 683w, http:\/\/www.ataciara.fi\/wp-content\/uploads\/2012\/03\/ytyh.jpg 2000w\" sizes=\"(max-width: 200px) 100vw, 200px\" \/><\/a><strong>Aatu<\/strong> on energinen\u00a0uros. Valjakkoty\u00f6skentelyss\u00e4 eritt\u00e4in ahkera ja vauhdikas poika, joka omassa laumassa juoksee kenen tahansa parina. Aatu on voimakas ja nauttii painavankin kuorman vet\u00e4misest\u00e4. Valjakossa Aatu toimii kaikilla paikoilla ja vet\u00e4\u00e4 my\u00f6s mielell\u00e4\u00e4n yksin rengasta tai vaikka lapsia k\u00e4rryiss\u00e4.Nuorena Aatu oli kova uhoamaan ja sen kanssa keskusteltiinkin muutamaan otteeseen lauman johtajuudesta, mutta i\u00e4n my\u00f6t\u00e4 se on tasaantunut ja rauhoittunut.<\/li>\n<\/ul>\n<div id=\"attachment_1362\" style=\"width: 970px\" class=\"wp-caption aligncenter\"><a href=\"http:\/\/www.ataciara.fi\/alaskanmalamuutit\/neatut-nani-natibvik-aatu\/10170695_1038659519517595_4672837976765101715_n\/\" rel=\"attachment wp-att-1362\"><img aria-describedby=\"caption-attachment-1362\" decoding=\"async\" loading=\"lazy\" class=\"size-full wp-image-1362\" src=\"http:\/\/www.ataciara.fi\/wp-content\/uploads\/2012\/03\/10170695_1038659519517595_4672837976765101715_n.jpg\" alt=\"Aatu 3v 11kk\" width=\"960\" height=\"811\" srcset=\"http:\/\/www.ataciara.fi\/wp-content\/uploads\/2012\/03\/10170695_1038659519517595_4672837976765101715_n.jpg 960w, http:\/\/www.ataciara.fi\/wp-content\/uploads\/2012\/03\/10170695_1038659519517595_4672837976765101715_n-300x253.jpg 300w\" sizes=\"(max-width: 960px) 100vw, 960px\" \/><\/a><p id=\"caption-attachment-1362\" class=\"wp-caption-text\">Aatu 3v 11kk<\/p><\/div>\n<p>&nbsp;<\/p>\n<p>&nbsp;<\/p>\n<p><a href=\"http:\/\/www.ataciara.fi\/alaskanmalamuutit\/neatut-nani-natibvik-aatu\/aatu-3\/\" rel=\"attachment wp-att-1021\"><img decoding=\"async\" loading=\"lazy\" class=\"alignleft size-medium wp-image-1021\" src=\"http:\/\/www.ataciara.fi\/wp-content\/uploads\/2012\/03\/aatu4-300x223.jpg\" alt=\"aatu\" width=\"300\" height=\"223\" srcset=\"http:\/\/www.ataciara.fi\/wp-content\/uploads\/2012\/03\/aatu4-300x223.jpg 300w, http:\/\/www.ataciara.fi\/wp-content\/uploads\/2012\/03\/aatu4.jpg 960w\" sizes=\"(max-width: 300px) 100vw, 300px\" \/><\/a><\/p>\n<div id=\"attachment_674\" style=\"width: 288px\" class=\"wp-caption alignleft\"><a href=\"http:\/\/www.ataciara.fi\/alaskanmalamuutit\/neatut-nani-natibvik-aatu\/aatu-2\/\" rel=\"attachment wp-att-674\"><img aria-describedby=\"caption-attachment-674\" decoding=\"async\" loading=\"lazy\" class=\"size-medium wp-image-674\" title=\"aatu\" src=\"http:\/\/www.ataciara.fi\/wp-content\/uploads\/2012\/03\/aatu1-278x300.jpg\" alt=\"\" width=\"278\" height=\"300\" srcset=\"http:\/\/www.ataciara.fi\/wp-content\/uploads\/2012\/03\/aatu1-278x300.jpg 278w, http:\/\/www.ataciara.fi\/wp-content\/uploads\/2012\/03\/aatu1-949x1024.jpg 949w, http:\/\/www.ataciara.fi\/wp-content\/uploads\/2012\/03\/aatu1.jpg 1897w\" sizes=\"(max-width: 278px) 100vw, 278px\" \/><\/a><p id=\"caption-attachment-674\" class=\"wp-caption-text\">Aatu 5 vko<\/p><\/div>\n<div id=\"attachment_710\" style=\"width: 283px\" class=\"wp-caption alignright\"><a href=\"http:\/\/www.ataciara.fi\/alaskanmalamuutit\/neatut-nani-natibvik-aatu\/img_6748\/\" rel=\"attachment wp-att-710\"><img aria-describedby=\"caption-attachment-710\" decoding=\"async\" loading=\"lazy\" class=\"wp-image-710 \" title=\"aatu\" src=\"http:\/\/www.ataciara.fi\/wp-content\/uploads\/2012\/03\/IMG_6748-300x200.jpg\" alt=\"\" width=\"273\" height=\"182\" srcset=\"http:\/\/www.ataciara.fi\/wp-content\/uploads\/2012\/03\/IMG_6748-300x200.jpg 300w, http:\/\/www.ataciara.fi\/wp-content\/uploads\/2012\/03\/IMG_6748-1024x682.jpg 1024w\" sizes=\"(max-width: 273px) 100vw, 273px\" \/><\/a><p id=\"caption-attachment-710\" class=\"wp-caption-text\">Aatu 7vko<\/p><\/div>\n<div id=\"attachment_820\" style=\"width: 310px\" class=\"wp-caption alignright\"><a href=\"http:\/\/www.ataciara.fi\/alaskanmalamuutit\/neatut-nani-natibvik-aatu\/aatu3\/\" rel=\"attachment wp-att-820\"><img aria-describedby=\"caption-attachment-820\" decoding=\"async\" loading=\"lazy\" class=\"size-medium wp-image-820\" src=\"http:\/\/www.ataciara.fi\/wp-content\/uploads\/2012\/03\/aatu3-300x200.jpg\" alt=\"Aatu 5 \u00bdkk\" width=\"300\" height=\"200\" srcset=\"http:\/\/www.ataciara.fi\/wp-content\/uploads\/2012\/03\/aatu3-300x200.jpg 300w, http:\/\/www.ataciara.fi\/wp-content\/uploads\/2012\/03\/aatu3.jpg 1024w\" sizes=\"(max-width: 300px) 100vw, 300px\" \/><\/a><p id=\"caption-attachment-820\" class=\"wp-caption-text\">Aatu 5 \u00bdkk<\/p><\/div>\n","protected":false},"excerpt":{"rendered":"<p>Aatu koiranetiss\u00e4 Rekisterinumero: FI16608\/12 Syntym\u00e4aika: 21.1. 2012 V\u00e4ri: Harmaa valkoinen Terveystulokset: 11.6.2013 silm\u00e4t ok 11.6.2013 polvet 0\/0 21.3.2014 Lonkkanivel A\/A 21.3.2014 Kyyn\u00e4rnivel 0\/0 muuta: coat length: N\/F (carrier) polyneuropatia terve (vanhempien tulosten perusteella) N\u00e4yttelyt: Jun EH Tulokset: KVK 1,Rek 1 &hellip; <a href=\"http:\/\/www.ataciara.fi\/?page_id=667\">Continue reading <span class=\"meta-nav\">&rarr;<\/span><\/a><\/p>\n","protected":false},"author":2,"featured_media":0,"parent":8,"menu_order":0,"comment_status":"closed","ping_status":"open","template":"","meta":[],"_links":{"self":[{"href":"http:\/\/www.ataciara.fi\/index.php?rest_route=\/wp\/v2\/pages\/667"}],"collection":[{"href":"http:\/\/www.ataciara.fi\/index.php?rest_route=\/wp\/v2\/pages"}],"about":[{"href":"http:\/\/www.ataciara.fi\/index.php?rest_route=\/wp\/v2\/types\/page"}],"author":[{"embeddable":true,"href":"http:\/\/www.ataciara.fi\/index.php?rest_route=\/wp\/v2\/users\/2"}],"replies":[{"embeddable":true,"href":"http:\/\/www.ataciara.fi\/index.php?rest_route=%2Fwp%2Fv2%2Fcomments&post=667"}],"version-history":[{"count":50,"href":"http:\/\/www.ataciara.fi\/index.php?rest_route=\/wp\/v2\/pages\/667\/revisions"}],"predecessor-version":[{"id":671,"href":"http:\/\/www.ataciara.fi\/index.php?rest_route=\/wp\/v2\/pages\/667\/revisions\/671"}],"up":[{"embeddable":true,"href":"http:\/\/www.ataciara.fi\/index.php?rest_route=\/wp\/v2\/pages\/8"}],"wp:attachment":[{"href":"http:\/\/www.ataciara.fi\/index.php?rest_route=%2Fwp%2Fv2%2Fmedia&parent=667"}],"curies":[{"name":"wp","href":"https:\/\/api.w.org\/{rel}","templated":true}]}}