{"id":2799,"date":"2025-11-04T21:11:31","date_gmt":"2025-11-04T19:11:31","guid":{"rendered":"http:\/\/www.ataciara.fi\/?page_id=2799"},"modified":"2025-11-04T21:11:31","modified_gmt":"2025-11-04T19:11:31","slug":"am-taivas-pentue","status":"publish","type":"page","link":"http:\/\/www.ataciara.fi\/?page_id=2799","title":{"rendered":"Am Taivas pentue"},"content":{"rendered":"\n<p>Nelj\u00e4 urosta ja yksi narttu syntyneet 4.9.2025!<\/p>\n\n\n\n<figure class=\"wp-block-image\"><img decoding=\"async\" loading=\"lazy\" width=\"809\" height=\"1024\" src=\"http:\/\/www.ataciara.fi\/wp-content\/uploads\/2025\/09\/543115335_10223866550371077_7545314879531547936_n-809x1024.jpg\" alt=\"\" class=\"wp-image-2793\" srcset=\"http:\/\/www.ataciara.fi\/wp-content\/uploads\/2025\/09\/543115335_10223866550371077_7545314879531547936_n-809x1024.jpg 809w, http:\/\/www.ataciara.fi\/wp-content\/uploads\/2025\/09\/543115335_10223866550371077_7545314879531547936_n-237x300.jpg 237w, http:\/\/www.ataciara.fi\/wp-content\/uploads\/2025\/09\/543115335_10223866550371077_7545314879531547936_n-768x973.jpg 768w, http:\/\/www.ataciara.fi\/wp-content\/uploads\/2025\/09\/543115335_10223866550371077_7545314879531547936_n-1213x1536.jpg 1213w, http:\/\/www.ataciara.fi\/wp-content\/uploads\/2025\/09\/543115335_10223866550371077_7545314879531547936_n.jpg 1617w\" sizes=\"(max-width: 809px) 100vw, 809px\" \/><\/figure>\n\n\n\n<p>Yhdistelm\u00e4st\u00e4&nbsp;<a href=\"http:\/\/www.ataciara.fi\/?page_id=2339\">Ataciara Vakava Kuu<\/a>&nbsp;&amp;&nbsp;<a href=\"https:\/\/sites.google.com\/site\/kennelvalkohangen\/koirat\/laikku?authuser=0\">Valkohangen King Boreas<\/a><\/p>\n\n\n\n<p><a href=\"https:\/\/jalostus.kennelliitto.fi\/frmSukutaulu.aspx?RekNoE=FI36537\/22&amp;ReknoI=FI34003\/22\">Yhdistelm\u00e4n sukutaulu<\/a><\/p>\n\n\n\n<p>Molemmat vanhemmat ovat aktiivisia vetokoiria ja yst\u00e4v\u00e4llisi\u00e4 sosiaalisia malamuutteja<\/p>\n\n\n\n<figure class=\"wp-block-image\"><img decoding=\"async\" loading=\"lazy\" width=\"1024\" height=\"768\" src=\"http:\/\/www.ataciara.fi\/wp-content\/uploads\/2024\/10\/23b8bee5-3cc4-4009-b2d5-3dd29b4a9d3c-1024x768.jpg\" alt=\"\" class=\"wp-image-2621\" srcset=\"http:\/\/www.ataciara.fi\/wp-content\/uploads\/2024\/10\/23b8bee5-3cc4-4009-b2d5-3dd29b4a9d3c-1024x768.jpg 1024w, http:\/\/www.ataciara.fi\/wp-content\/uploads\/2024\/10\/23b8bee5-3cc4-4009-b2d5-3dd29b4a9d3c-300x225.jpg 300w, http:\/\/www.ataciara.fi\/wp-content\/uploads\/2024\/10\/23b8bee5-3cc4-4009-b2d5-3dd29b4a9d3c-768x576.jpg 768w, http:\/\/www.ataciara.fi\/wp-content\/uploads\/2024\/10\/23b8bee5-3cc4-4009-b2d5-3dd29b4a9d3c-1536x1152.jpg 1536w, http:\/\/www.ataciara.fi\/wp-content\/uploads\/2024\/10\/23b8bee5-3cc4-4009-b2d5-3dd29b4a9d3c.jpg 1740w\" sizes=\"(max-width: 1024px) 100vw, 1024px\" \/><\/figure>\n\n\n\n<p>Senni Syksyll\u00e4 2024<\/p>\n\n\n\n<figure class=\"wp-block-image\"><img decoding=\"async\" loading=\"lazy\" width=\"768\" height=\"1024\" src=\"http:\/\/www.ataciara.fi\/wp-content\/uploads\/2025\/01\/IMG_8455-768x1024.jpg\" alt=\"\" class=\"wp-image-2663\" srcset=\"http:\/\/www.ataciara.fi\/wp-content\/uploads\/2025\/01\/IMG_8455-768x1024.jpg 768w, http:\/\/www.ataciara.fi\/wp-content\/uploads\/2025\/01\/IMG_8455-225x300.jpg 225w, http:\/\/www.ataciara.fi\/wp-content\/uploads\/2025\/01\/IMG_8455-1152x1536.jpg 1152w, http:\/\/www.ataciara.fi\/wp-content\/uploads\/2025\/01\/IMG_8455.jpg 1536w\" sizes=\"(max-width: 768px) 100vw, 768px\" \/><\/figure>\n\n\n\n<p>Laikku tammikuu 2025<\/p>\n\n\n\n<p>Kuva Marika Kunnari<\/p>\n\n\n\n<figure class=\"wp-block-image\"><img decoding=\"async\" loading=\"lazy\" width=\"768\" height=\"1024\" src=\"http:\/\/www.ataciara.fi\/wp-content\/uploads\/2025\/01\/IMG_8481-768x1024.jpg\" alt=\"\" class=\"wp-image-2664\" srcset=\"http:\/\/www.ataciara.fi\/wp-content\/uploads\/2025\/01\/IMG_8481-768x1024.jpg 768w, http:\/\/www.ataciara.fi\/wp-content\/uploads\/2025\/01\/IMG_8481-225x300.jpg 225w, http:\/\/www.ataciara.fi\/wp-content\/uploads\/2025\/01\/IMG_8481-1152x1536.jpg 1152w, http:\/\/www.ataciara.fi\/wp-content\/uploads\/2025\/01\/IMG_8481.jpg 1536w\" sizes=\"(max-width: 768px) 100vw, 768px\" \/><figcaption class=\"wp-element-caption\">Laikku<\/figcaption><\/figure>\n\n\n\n<figure class=\"wp-block-image\"><img decoding=\"async\" loading=\"lazy\" width=\"843\" height=\"1024\" src=\"http:\/\/www.ataciara.fi\/wp-content\/uploads\/2025\/01\/sennii-1-843x1024.jpg\" alt=\"\" class=\"wp-image-2700\" srcset=\"http:\/\/www.ataciara.fi\/wp-content\/uploads\/2025\/01\/sennii-1-843x1024.jpg 843w, http:\/\/www.ataciara.fi\/wp-content\/uploads\/2025\/01\/sennii-1-247x300.jpg 247w, http:\/\/www.ataciara.fi\/wp-content\/uploads\/2025\/01\/sennii-1-768x933.jpg 768w, http:\/\/www.ataciara.fi\/wp-content\/uploads\/2025\/01\/sennii-1.jpg 1059w\" sizes=\"(max-width: 843px) 100vw, 843px\" \/><figcaption class=\"wp-element-caption\">Senni<\/figcaption><\/figure>\n\n\n\n<figure class=\"wp-block-image\"><img decoding=\"async\" loading=\"lazy\" width=\"1024\" height=\"681\" src=\"http:\/\/www.ataciara.fi\/wp-content\/uploads\/2025\/01\/LA_OHKOLA_184-1024x681.jpg\" alt=\"\" class=\"wp-image-2702\" srcset=\"http:\/\/www.ataciara.fi\/wp-content\/uploads\/2025\/01\/LA_OHKOLA_184-1024x681.jpg 1024w, http:\/\/www.ataciara.fi\/wp-content\/uploads\/2025\/01\/LA_OHKOLA_184-300x200.jpg 300w, http:\/\/www.ataciara.fi\/wp-content\/uploads\/2025\/01\/LA_OHKOLA_184-768x511.jpg 768w, http:\/\/www.ataciara.fi\/wp-content\/uploads\/2025\/01\/LA_OHKOLA_184-1536x1022.jpg 1536w, http:\/\/www.ataciara.fi\/wp-content\/uploads\/2025\/01\/LA_OHKOLA_184-2048x1363.jpg 2048w\" sizes=\"(max-width: 1024px) 100vw, 1024px\" \/><\/figure>\n","protected":false},"excerpt":{"rendered":"<p>Nelj\u00e4 urosta ja yksi narttu syntyneet 4.9.2025! Yhdistelm\u00e4st\u00e4&nbsp;Ataciara Vakava Kuu&nbsp;&amp;&nbsp;Valkohangen King Boreas Yhdistelm\u00e4n sukutaulu Molemmat vanhemmat ovat aktiivisia vetokoiria ja yst\u00e4v\u00e4llisi\u00e4 sosiaalisia malamuutteja Senni Syksyll\u00e4 2024 Laikku tammikuu 2025 Kuva Marika Kunnari<\/p>\n","protected":false},"author":2,"featured_media":0,"parent":0,"menu_order":0,"comment_status":"closed","ping_status":"closed","template":"","meta":[],"_links":{"self":[{"href":"http:\/\/www.ataciara.fi\/index.php?rest_route=\/wp\/v2\/pages\/2799"}],"collection":[{"href":"http:\/\/www.ataciara.fi\/index.php?rest_route=\/wp\/v2\/pages"}],"about":[{"href":"http:\/\/www.ataciara.fi\/index.php?rest_route=\/wp\/v2\/types\/page"}],"author":[{"embeddable":true,"href":"http:\/\/www.ataciara.fi\/index.php?rest_route=\/wp\/v2\/users\/2"}],"replies":[{"embeddable":true,"href":"http:\/\/www.ataciara.fi\/index.php?rest_route=%2Fwp%2Fv2%2Fcomments&post=2799"}],"version-history":[{"count":1,"href":"http:\/\/www.ataciara.fi\/index.php?rest_route=\/wp\/v2\/pages\/2799\/revisions"}],"predecessor-version":[{"id":2800,"href":"http:\/\/www.ataciara.fi\/index.php?rest_route=\/wp\/v2\/pages\/2799\/revisions\/2800"}],"wp:attachment":[{"href":"http:\/\/www.ataciara.fi\/index.php?rest_route=%2Fwp%2Fv2%2Fmedia&parent=2799"}],"curies":[{"name":"wp","href":"https:\/\/api.w.org\/{rel}","templated":true}]}}