{"id":2432,"date":"2023-01-06T19:44:28","date_gmt":"2023-01-06T17:44:28","guid":{"rendered":"http:\/\/www.ataciara.fi\/?page_id=2432"},"modified":"2024-10-20T12:32:33","modified_gmt":"2024-10-20T09:32:33","slug":"ataciara-lighthouse-of-aleksandria-aura","status":"publish","type":"page","link":"http:\/\/www.ataciara.fi\/?page_id=2432","title":{"rendered":"Ataciara Lighthouse of Aleksandria (Aura)"},"content":{"rendered":"<p><a href=\"http:\/\/www.ataciara.fi\/?attachment_id=2595\" rel=\"attachment wp-att-2595\"><img decoding=\"async\" loading=\"lazy\" class=\"alignnone wp-image-2595 size-large\" src=\"http:\/\/www.ataciara.fi\/wp-content\/uploads\/2024\/09\/457515698_10220777243300331_8690894607470756950_n-768x1024.jpg\" alt=\"\" width=\"640\" height=\"853\" srcset=\"http:\/\/www.ataciara.fi\/wp-content\/uploads\/2024\/09\/457515698_10220777243300331_8690894607470756950_n-768x1024.jpg 768w, http:\/\/www.ataciara.fi\/wp-content\/uploads\/2024\/09\/457515698_10220777243300331_8690894607470756950_n-225x300.jpg 225w, http:\/\/www.ataciara.fi\/wp-content\/uploads\/2024\/09\/457515698_10220777243300331_8690894607470756950_n-1152x1536.jpg 1152w, http:\/\/www.ataciara.fi\/wp-content\/uploads\/2024\/09\/457515698_10220777243300331_8690894607470756950_n.jpg 1536w\" sizes=\"(max-width: 640px) 100vw, 640px\" \/><\/a><\/p>\n<ul>\n<li><strong>Rekisterinumero<\/strong>:\u00a0FI57905\/22<\/li>\n<li><strong>Syntym\u00e4aika<\/strong>: 28.10.2022<\/li>\n<li><strong>V\u00e4ri<\/strong>:musta harmaa valkoinen<\/li>\n<li><strong>Terveystulokset:\u00a0<\/strong>\n<ul>\n<li>Silm\u00e4t ok<\/li>\n<\/ul>\n<\/li>\n<li><strong>N\u00e4yttelyt<\/strong>: serti x2<\/li>\n<\/ul>\n<p>Aura <a href=\"https:\/\/jalostus.kennelliitto.fi\/frmKoira.aspx?RekNo=FI57905%2F22&amp;R=243\">jalostustietokannassa<\/a><\/p>\n<p>Aura asuu sijoituksessa Alisan ja Tomin luona K\u00e4rk\u00f6l\u00e4ss\u00e4.<\/p>\n","protected":false},"excerpt":{"rendered":"<p>Rekisterinumero:\u00a0FI57905\/22 Syntym\u00e4aika: 28.10.2022 V\u00e4ri:musta harmaa valkoinen Terveystulokset:\u00a0 Silm\u00e4t ok N\u00e4yttelyt: serti x2 Aura jalostustietokannassa Aura asuu sijoituksessa Alisan ja Tomin luona K\u00e4rk\u00f6l\u00e4ss\u00e4.<\/p>\n","protected":false},"author":2,"featured_media":0,"parent":0,"menu_order":0,"comment_status":"closed","ping_status":"closed","template":"","meta":[],"_links":{"self":[{"href":"http:\/\/www.ataciara.fi\/index.php?rest_route=\/wp\/v2\/pages\/2432"}],"collection":[{"href":"http:\/\/www.ataciara.fi\/index.php?rest_route=\/wp\/v2\/pages"}],"about":[{"href":"http:\/\/www.ataciara.fi\/index.php?rest_route=\/wp\/v2\/types\/page"}],"author":[{"embeddable":true,"href":"http:\/\/www.ataciara.fi\/index.php?rest_route=\/wp\/v2\/users\/2"}],"replies":[{"embeddable":true,"href":"http:\/\/www.ataciara.fi\/index.php?rest_route=%2Fwp%2Fv2%2Fcomments&post=2432"}],"version-history":[{"count":10,"href":"http:\/\/www.ataciara.fi\/index.php?rest_route=\/wp\/v2\/pages\/2432\/revisions"}],"predecessor-version":[{"id":2623,"href":"http:\/\/www.ataciara.fi\/index.php?rest_route=\/wp\/v2\/pages\/2432\/revisions\/2623"}],"wp:attachment":[{"href":"http:\/\/www.ataciara.fi\/index.php?rest_route=%2Fwp%2Fv2%2Fmedia&parent=2432"}],"curies":[{"name":"wp","href":"https:\/\/api.w.org\/{rel}","templated":true}]}}