{"id":2339,"date":"2022-07-27T08:46:10","date_gmt":"2022-07-27T05:46:10","guid":{"rendered":"http:\/\/www.ataciara.fi\/?page_id=2339"},"modified":"2024-11-03T11:23:47","modified_gmt":"2024-11-03T09:23:47","slug":"ataciara-vakava-kuu","status":"publish","type":"page","link":"http:\/\/www.ataciara.fi\/?page_id=2339","title":{"rendered":"Ataciara Vakava Kuu (Senni)"},"content":{"rendered":"<div id=\"attachment_2547\" style=\"width: 650px\" class=\"wp-caption alignnone\"><a href=\"http:\/\/www.ataciara.fi\/?attachment_id=2547\" rel=\"attachment wp-att-2547\"><img aria-describedby=\"caption-attachment-2547\" decoding=\"async\" loading=\"lazy\" class=\"wp-image-2547 size-large\" src=\"http:\/\/www.ataciara.fi\/wp-content\/uploads\/2024\/05\/Carita-Kestila1-1024x662.jpg\" alt=\"\" width=\"640\" height=\"414\" srcset=\"http:\/\/www.ataciara.fi\/wp-content\/uploads\/2024\/05\/Carita-Kestila1-1024x662.jpg 1024w, http:\/\/www.ataciara.fi\/wp-content\/uploads\/2024\/05\/Carita-Kestila1-300x194.jpg 300w, http:\/\/www.ataciara.fi\/wp-content\/uploads\/2024\/05\/Carita-Kestila1-768x496.jpg 768w, http:\/\/www.ataciara.fi\/wp-content\/uploads\/2024\/05\/Carita-Kestila1-1536x993.jpg 1536w, http:\/\/www.ataciara.fi\/wp-content\/uploads\/2024\/05\/Carita-Kestila1-2048x1324.jpg 2048w\" sizes=\"(max-width: 640px) 100vw, 640px\" \/><\/a><p id=\"caption-attachment-2547\" class=\"wp-caption-text\">Kuva Carita Kestil\u00e4<\/p><\/div>\n<p>Senni <a href=\"https:\/\/jalostus.kennelliitto.fi\/frmKoira.aspx?RekNo=FI36537%2F22&amp;R=243\">jalostustietokannassa<\/a><\/p>\n<ul>\n<li><strong>Rekisterinumero<\/strong>:\u00a0FI36537\/22<\/li>\n<li><strong>Syntym\u00e4aika<\/strong>: 31.5.2022<\/li>\n<li><strong>V\u00e4ri<\/strong>: harmaa valkoinen<\/li>\n<li><strong>Terveystulokset:<\/strong>\n<ul>\n<li>Silm\u00e4t terveet<\/li>\n<li>Lonkat A\/A<\/li>\n<li>Kyyn\u00e4rp\u00e4\u00e4t 0\/0<\/li>\n<li>Selk\u00e4: LTV0<\/li>\n<li>Pn terve, ei kantaja<\/li>\n<li>PCD, Primary Ciliary Dyskinesia: terve, ei kantaja<\/li>\n<li>pitk\u00e4turkkigeeni: ei kantaja<\/li>\n<li>syd\u00e4ntutkimus<br \/>\nsivu\u00e4\u00e4ni: Kyll\u00e4 Oireeton, sivu\u00e4\u00e4nen aste: II<\/p>\n<ul>\n<li>yhteenveto: ei osoita merkkej\u00e4 syd\u00e4nsairaudesta<\/li>\n<li>myksomatoottinen l\u00e4pp\u00e4sairaus: A (ei osoita merkkej\u00e4 syd\u00e4nsairaudesta)<\/li>\n<li>dilatoiva kardiomyopatia: A (ei osoita merkkej\u00e4 syd\u00e4nsairaudesta)<\/li>\n<li>subaorttastenoosi: B (tutkimustulos avoin)<\/li>\n<li>pulmonaalistenoosi: A (ei osoita merkkej\u00e4 syd\u00e4nsairaudesta)<\/li>\n<li>lepo-ekg: A (ei osoita merkkej\u00e4 rytmih\u00e4iri\u00f6st\u00e4)<\/li>\n<\/ul>\n<\/li>\n<\/ul>\n<\/li>\n<\/ul>\n<ul>\n<li><strong>N\u00e4yttelyt: <\/strong>sert<\/li>\n<li><strong>Tulokset:\u00a0<\/strong><\/li>\n<\/ul>\n<div id=\"attachment_2340\" style=\"width: 235px\" class=\"wp-caption alignnone\"><a href=\"http:\/\/www.ataciara.fi\/ataciara-vakava-kuu\/ataciara-vakava-kuu-3\/\" rel=\"attachment wp-att-2340\"><img aria-describedby=\"caption-attachment-2340\" decoding=\"async\" loading=\"lazy\" class=\"wp-image-2340 size-medium\" src=\"http:\/\/www.ataciara.fi\/wp-content\/uploads\/2022\/07\/ATACIARA-VAKAVA-KUU-3-225x300.jpg\" alt=\"\" width=\"225\" height=\"300\" \/><p id=\"caption-attachment-2340\" class=\"wp-caption-text\">\u00a0<\/a> Senni 6vkoa, kuva Marika Kunnari<\/p><\/div>\n<div id=\"attachment_2650\" style=\"width: 564px\" class=\"wp-caption alignright\"><a href=\"http:\/\/www.ataciara.fi\/?attachment_id=2650\" rel=\"attachment wp-att-2650\"><img aria-describedby=\"caption-attachment-2650\" decoding=\"async\" loading=\"lazy\" class=\"wp-image-2650 \" src=\"http:\/\/www.ataciara.fi\/wp-content\/uploads\/2024\/11\/LA_OHKOLA_184-1024x682.jpg\" alt=\"\" width=\"554\" height=\"369\" srcset=\"http:\/\/www.ataciara.fi\/wp-content\/uploads\/2024\/11\/LA_OHKOLA_184-1024x682.jpg 1024w, http:\/\/www.ataciara.fi\/wp-content\/uploads\/2024\/11\/LA_OHKOLA_184-300x200.jpg 300w, http:\/\/www.ataciara.fi\/wp-content\/uploads\/2024\/11\/LA_OHKOLA_184-768x511.jpg 768w, http:\/\/www.ataciara.fi\/wp-content\/uploads\/2024\/11\/LA_OHKOLA_184-1536x1022.jpg 1536w, http:\/\/www.ataciara.fi\/wp-content\/uploads\/2024\/11\/LA_OHKOLA_184.jpg 2048w\" sizes=\"(max-width: 554px) 100vw, 554px\" \/><\/a><p id=\"caption-attachment-2650\" class=\"wp-caption-text\">Ohkola Lokakuu 2024, kuva Ellinoora luokkakallio<\/p><\/div>\n<div id=\"attachment_2651\" style=\"width: 310px\" class=\"wp-caption alignnone\"><a href=\"http:\/\/www.ataciara.fi\/?attachment_id=2651\" rel=\"attachment wp-att-2651\"><img aria-describedby=\"caption-attachment-2651\" decoding=\"async\" loading=\"lazy\" class=\"wp-image-2651 size-medium\" src=\"http:\/\/www.ataciara.fi\/wp-content\/uploads\/2024\/11\/20240804_104627470_iOS-300x200.jpg\" alt=\"\" width=\"300\" height=\"200\" srcset=\"http:\/\/www.ataciara.fi\/wp-content\/uploads\/2024\/11\/20240804_104627470_iOS-300x200.jpg 300w, http:\/\/www.ataciara.fi\/wp-content\/uploads\/2024\/11\/20240804_104627470_iOS-1024x683.jpg 1024w, http:\/\/www.ataciara.fi\/wp-content\/uploads\/2024\/11\/20240804_104627470_iOS-768x512.jpg 768w, http:\/\/www.ataciara.fi\/wp-content\/uploads\/2024\/11\/20240804_104627470_iOS.jpg 1038w\" sizes=\"(max-width: 300px) 100vw, 300px\" \/><\/a><p id=\"caption-attachment-2651\" class=\"wp-caption-text\">Taakavetoa kes\u00e4 2024, kuva Nea Vesala<\/p><\/div>\n<div id=\"attachment_2652\" style=\"width: 650px\" class=\"wp-caption alignnone\"><a href=\"http:\/\/www.ataciara.fi\/?attachment_id=2652\" rel=\"attachment wp-att-2652\"><img aria-describedby=\"caption-attachment-2652\" decoding=\"async\" loading=\"lazy\" class=\"wp-image-2652 size-large\" src=\"http:\/\/www.ataciara.fi\/wp-content\/uploads\/2024\/11\/20240804_105449290_iOS-1024x683.jpg\" alt=\"\" width=\"640\" height=\"427\" srcset=\"http:\/\/www.ataciara.fi\/wp-content\/uploads\/2024\/11\/20240804_105449290_iOS-1024x683.jpg 1024w, http:\/\/www.ataciara.fi\/wp-content\/uploads\/2024\/11\/20240804_105449290_iOS-300x200.jpg 300w, http:\/\/www.ataciara.fi\/wp-content\/uploads\/2024\/11\/20240804_105449290_iOS-768x512.jpg 768w, http:\/\/www.ataciara.fi\/wp-content\/uploads\/2024\/11\/20240804_105449290_iOS.jpg 1038w\" sizes=\"(max-width: 640px) 100vw, 640px\" \/><\/a><p id=\"caption-attachment-2652\" class=\"wp-caption-text\">Taakanvetoa kes\u00e4 2024, kuva Nea Vesala<\/p><\/div>\n<p>Senni asuu sijoituksessa Minnan ja Ramin luona. Senni on innokas vet\u00e4j\u00e4 sek\u00e4 reen ett\u00e4 py\u00f6r\u00e4n edess\u00e4.<\/p>\n","protected":false},"excerpt":{"rendered":"<p>Senni jalostustietokannassa Rekisterinumero:\u00a0FI36537\/22 Syntym\u00e4aika: 31.5.2022 V\u00e4ri: harmaa valkoinen Terveystulokset: Silm\u00e4t terveet Lonkat A\/A Kyyn\u00e4rp\u00e4\u00e4t 0\/0 Selk\u00e4: LTV0 Pn terve, ei kantaja PCD, Primary Ciliary Dyskinesia: terve, ei kantaja pitk\u00e4turkkigeeni: ei kantaja syd\u00e4ntutkimus sivu\u00e4\u00e4ni: Kyll\u00e4 Oireeton, sivu\u00e4\u00e4nen aste: II yhteenveto: ei &hellip; <a href=\"http:\/\/www.ataciara.fi\/?page_id=2339\">Continue reading <span class=\"meta-nav\">&rarr;<\/span><\/a><\/p>\n","protected":false},"author":2,"featured_media":0,"parent":0,"menu_order":0,"comment_status":"closed","ping_status":"closed","template":"","meta":[],"_links":{"self":[{"href":"http:\/\/www.ataciara.fi\/index.php?rest_route=\/wp\/v2\/pages\/2339"}],"collection":[{"href":"http:\/\/www.ataciara.fi\/index.php?rest_route=\/wp\/v2\/pages"}],"about":[{"href":"http:\/\/www.ataciara.fi\/index.php?rest_route=\/wp\/v2\/types\/page"}],"author":[{"embeddable":true,"href":"http:\/\/www.ataciara.fi\/index.php?rest_route=\/wp\/v2\/users\/2"}],"replies":[{"embeddable":true,"href":"http:\/\/www.ataciara.fi\/index.php?rest_route=%2Fwp%2Fv2%2Fcomments&post=2339"}],"version-history":[{"count":12,"href":"http:\/\/www.ataciara.fi\/index.php?rest_route=\/wp\/v2\/pages\/2339\/revisions"}],"predecessor-version":[{"id":2653,"href":"http:\/\/www.ataciara.fi\/index.php?rest_route=\/wp\/v2\/pages\/2339\/revisions\/2653"}],"wp:attachment":[{"href":"http:\/\/www.ataciara.fi\/index.php?rest_route=%2Fwp%2Fv2%2Fmedia&parent=2339"}],"curies":[{"name":"wp","href":"https:\/\/api.w.org\/{rel}","templated":true}]}}