{"id":1940,"date":"2019-09-04T18:23:02","date_gmt":"2019-09-04T15:23:02","guid":{"rendered":"http:\/\/www.ataciara.fi\/?page_id=1940"},"modified":"2025-01-18T13:49:19","modified_gmt":"2025-01-18T11:49:19","slug":"ataciara-moonchild-riimi","status":"publish","type":"page","link":"http:\/\/www.ataciara.fi\/?page_id=1940","title":{"rendered":"C.I.B FI MVA EE MVA LT JMVA EE JMVA TLNJW-20 TLNW-20 BALTJV-20 EEV-23 Ataciara Moonchild (Riimi)"},"content":{"rendered":"<div id=\"attachment_2106\" style=\"width: 650px\" class=\"wp-caption alignright\"><a href=\"http:\/\/www.ataciara.fi\/ataciara-moonchild-riimi\/riimi-1v\/\" rel=\"attachment wp-att-2106\"><img aria-describedby=\"caption-attachment-2106\" decoding=\"async\" loading=\"lazy\" class=\"size-large wp-image-2106\" src=\"http:\/\/www.ataciara.fi\/wp-content\/uploads\/2019\/09\/riimi-1v-1024x683.jpg\" alt=\"\" width=\"640\" height=\"427\" srcset=\"http:\/\/www.ataciara.fi\/wp-content\/uploads\/2019\/09\/riimi-1v-1024x683.jpg 1024w, http:\/\/www.ataciara.fi\/wp-content\/uploads\/2019\/09\/riimi-1v-300x200.jpg 300w, http:\/\/www.ataciara.fi\/wp-content\/uploads\/2019\/09\/riimi-1v-768x512.jpg 768w, http:\/\/www.ataciara.fi\/wp-content\/uploads\/2019\/09\/riimi-1v.jpg 2048w\" sizes=\"(max-width: 640px) 100vw, 640px\" \/><\/a><p id=\"caption-attachment-2106\" class=\"wp-caption-text\">Riimi 1v<\/p><\/div>\n<ul>\n<li><strong>Rekisterinumero<\/strong>:FI37151\/19<\/li>\n<li><strong>Syntym\u00e4aika:&nbsp;<\/strong>16.6.2019<\/li>\n<li><strong>Terveys:<\/strong> Pra-terve<\/li>\n<li>silm\u00e4t terveet<\/li>\n<li>Lonkat A\/A<\/li>\n<li>Polvet 0\/0<\/li>\n<li>Kyyn\u00e4rp\u00e4\u00e4t 0\/0<\/li>\n<li>Selk\u00e4: Ltv 0<\/li>\n<li><strong>N\u00e4yttelyt: C.I.B,FI MVA EE MVA LT JMVA EE JMVA TLNJW-20 TLNW-20 BALTJV-20 EEV-23<\/strong><\/li>\n<li><strong>Tulokset<\/strong>: Paim-T hyv\u00e4ksytty<\/li>\n<\/ul>\n<p>Riimi&nbsp;<a href=\"https:\/\/jalostus.kennelliitto.fi\/frmKoira.aspx?RekNo=FI37151%2F19&amp;R=135\">jalostustietokannassa<\/a><\/p>\n<div id=\"attachment_2001\" style=\"width: 970px\" class=\"wp-caption alignleft\"><a href=\"http:\/\/www.ataciara.fi\/ataciara-moonchild-riimi\/82825195_2830905303626332_4281251313645256704_n\/\" rel=\"attachment wp-att-2001\"><img aria-describedby=\"caption-attachment-2001\" decoding=\"async\" loading=\"lazy\" class=\"wp-image-2001 size-full\" src=\"http:\/\/www.ataciara.fi\/wp-content\/uploads\/2019\/09\/82825195_2830905303626332_4281251313645256704_n.jpg\" alt=\"\" width=\"960\" height=\"720\" srcset=\"http:\/\/www.ataciara.fi\/wp-content\/uploads\/2019\/09\/82825195_2830905303626332_4281251313645256704_n.jpg 960w, http:\/\/www.ataciara.fi\/wp-content\/uploads\/2019\/09\/82825195_2830905303626332_4281251313645256704_n-300x225.jpg 300w, http:\/\/www.ataciara.fi\/wp-content\/uploads\/2019\/09\/82825195_2830905303626332_4281251313645256704_n-768x576.jpg 768w\" sizes=\"(max-width: 960px) 100vw, 960px\" \/><\/a><p id=\"caption-attachment-2001\" class=\"wp-caption-text\">Riimi 7kk<\/p><\/div>\n<div id=\"attachment_1942\" style=\"width: 2058px\" class=\"wp-caption alignleft\"><a href=\"http:\/\/www.ataciara.fi\/ataciara-moonchild-riimi\/10vkoa\/\" rel=\"attachment wp-att-1942\"><img aria-describedby=\"caption-attachment-1942\" decoding=\"async\" loading=\"lazy\" class=\"size-full wp-image-1942\" src=\"http:\/\/www.ataciara.fi\/wp-content\/uploads\/2019\/09\/10vkoa.jpg\" alt=\"\" width=\"2048\" height=\"1365\" srcset=\"http:\/\/www.ataciara.fi\/wp-content\/uploads\/2019\/09\/10vkoa.jpg 2048w, http:\/\/www.ataciara.fi\/wp-content\/uploads\/2019\/09\/10vkoa-300x200.jpg 300w, http:\/\/www.ataciara.fi\/wp-content\/uploads\/2019\/09\/10vkoa-768x512.jpg 768w, http:\/\/www.ataciara.fi\/wp-content\/uploads\/2019\/09\/10vkoa-1024x683.jpg 1024w\" sizes=\"(max-width: 2048px) 100vw, 2048px\" \/><\/a><p id=\"caption-attachment-1942\" class=\"wp-caption-text\">Riimi 10vkoa<\/p><\/div>\n<div id=\"attachment_1941\" style=\"width: 2058px\" class=\"wp-caption alignleft\"><a href=\"http:\/\/www.ataciara.fi\/ataciara-moonchild-riimi\/10vk\/\" rel=\"attachment wp-att-1941\"><img aria-describedby=\"caption-attachment-1941\" decoding=\"async\" loading=\"lazy\" class=\"size-full wp-image-1941\" src=\"http:\/\/www.ataciara.fi\/wp-content\/uploads\/2019\/09\/10vk.jpg\" alt=\"\" width=\"2048\" height=\"1365\" srcset=\"http:\/\/www.ataciara.fi\/wp-content\/uploads\/2019\/09\/10vk.jpg 2048w, http:\/\/www.ataciara.fi\/wp-content\/uploads\/2019\/09\/10vk-300x200.jpg 300w, http:\/\/www.ataciara.fi\/wp-content\/uploads\/2019\/09\/10vk-768x512.jpg 768w, http:\/\/www.ataciara.fi\/wp-content\/uploads\/2019\/09\/10vk-1024x683.jpg 1024w\" sizes=\"(max-width: 2048px) 100vw, 2048px\" \/><\/a><p id=\"caption-attachment-1941\" class=\"wp-caption-text\">10 vkoa<\/p><\/div>\n","protected":false},"excerpt":{"rendered":"<p>Rekisterinumero:FI37151\/19 Syntym\u00e4aika:&nbsp;16.6.2019 Terveys: Pra-terve silm\u00e4t terveet Lonkat A\/A Polvet 0\/0 Kyyn\u00e4rp\u00e4\u00e4t 0\/0 Selk\u00e4: Ltv 0 N\u00e4yttelyt: C.I.B,FI MVA EE MVA LT JMVA EE JMVA TLNJW-20 TLNW-20 BALTJV-20 EEV-23 Tulokset: Paim-T hyv\u00e4ksytty Riimi&nbsp;jalostustietokannassa<\/p>\n","protected":false},"author":2,"featured_media":0,"parent":0,"menu_order":0,"comment_status":"closed","ping_status":"closed","template":"","meta":[],"_links":{"self":[{"href":"http:\/\/www.ataciara.fi\/index.php?rest_route=\/wp\/v2\/pages\/1940"}],"collection":[{"href":"http:\/\/www.ataciara.fi\/index.php?rest_route=\/wp\/v2\/pages"}],"about":[{"href":"http:\/\/www.ataciara.fi\/index.php?rest_route=\/wp\/v2\/types\/page"}],"author":[{"embeddable":true,"href":"http:\/\/www.ataciara.fi\/index.php?rest_route=\/wp\/v2\/users\/2"}],"replies":[{"embeddable":true,"href":"http:\/\/www.ataciara.fi\/index.php?rest_route=%2Fwp%2Fv2%2Fcomments&post=1940"}],"version-history":[{"count":16,"href":"http:\/\/www.ataciara.fi\/index.php?rest_route=\/wp\/v2\/pages\/1940\/revisions"}],"predecessor-version":[{"id":2681,"href":"http:\/\/www.ataciara.fi\/index.php?rest_route=\/wp\/v2\/pages\/1940\/revisions\/2681"}],"wp:attachment":[{"href":"http:\/\/www.ataciara.fi\/index.php?rest_route=%2Fwp%2Fv2%2Fmedia&parent=1940"}],"curies":[{"name":"wp","href":"https:\/\/api.w.org\/{rel}","templated":true}]}}