{"id":1748,"date":"2018-08-12T17:57:31","date_gmt":"2018-08-12T14:57:31","guid":{"rendered":"http:\/\/www.ataciara.fi\/?page_id=1748"},"modified":"2024-10-21T19:58:06","modified_gmt":"2024-10-21T16:58:06","slug":"cahppes-midsummer-night-faith-olga","status":"publish","type":"page","link":"http:\/\/www.ataciara.fi\/?page_id=1748","title":{"rendered":"Fi Mva Cahppes Midsummer Night&#8217;s Faith (Olga)"},"content":{"rendered":"<div id=\"attachment_2127\" style=\"width: 650px\" class=\"wp-caption alignnone\"><a href=\"http:\/\/www.ataciara.fi\/cahppes-midsummer-night-faith-olga\/102958921_3159438614106331_5201557513728734336_o\/\" rel=\"attachment wp-att-2127\"><img aria-describedby=\"caption-attachment-2127\" decoding=\"async\" loading=\"lazy\" class=\"size-large wp-image-2127\" src=\"http:\/\/www.ataciara.fi\/wp-content\/uploads\/2018\/08\/102958921_3159438614106331_5201557513728734336_o-1024x796.jpg\" alt=\"\" width=\"640\" height=\"498\" srcset=\"http:\/\/www.ataciara.fi\/wp-content\/uploads\/2018\/08\/102958921_3159438614106331_5201557513728734336_o-1024x796.jpg 1024w, http:\/\/www.ataciara.fi\/wp-content\/uploads\/2018\/08\/102958921_3159438614106331_5201557513728734336_o-300x233.jpg 300w, http:\/\/www.ataciara.fi\/wp-content\/uploads\/2018\/08\/102958921_3159438614106331_5201557513728734336_o-768x597.jpg 768w, http:\/\/www.ataciara.fi\/wp-content\/uploads\/2018\/08\/102958921_3159438614106331_5201557513728734336_o.jpg 1671w\" sizes=\"(max-width: 640px) 100vw, 640px\" \/><\/a><p id=\"caption-attachment-2127\" class=\"wp-caption-text\">Olga 2v<\/p><\/div>\n<ul>\n<li><strong>Rekisterinumero:<\/strong>&nbsp;FI44950\/18<br \/>\nSE39126\/2018<\/li>\n<li><strong>Syntym\u00e4aika:&nbsp;<\/strong>22.6.2018<\/li>\n<li><strong>V\u00e4ri:<\/strong> harmaa valkoinen<\/li>\n<li><strong>Terveys:&nbsp;<\/strong>Silm\u00e4t terveet<\/li>\n<li>Lonkat B\/B<\/li>\n<li>Kyyn\u00e4rp\u00e4\u00e4t 0\/0<\/li>\n<li>Selk\u00e4 Sp 0, LTV1<\/li>\n<li>PN terve, ei kantaja<\/li>\n<li>Turkki: ei pitk\u00e4karvageeni kantaja<\/li>\n<li><strong>N\u00e4yttelyt: Fi Mva<\/strong>, vara-cacib<\/li>\n<li><strong>Tulokset<\/strong><\/li>\n<\/ul>\n<p><a href=\"https:\/\/jalostus.kennelliitto.fi\/frmKoira.aspx?RekNo=FI44950%2F18&amp;R=243\">https:\/\/jalostus.kennelliitto.fi\/frmKoira.aspx?RekNo=FI44950%2F18&amp;R=243<\/a><\/p>\n<div id=\"attachment_2186\" style=\"width: 310px\" class=\"wp-caption alignnone\"><a href=\"http:\/\/www.ataciara.fi\/cahppes-midsummer-night-faith-olga\/138192693_3788306744552845_1173688362818660689_o\/\" rel=\"attachment wp-att-2186\"><img aria-describedby=\"caption-attachment-2186\" decoding=\"async\" loading=\"lazy\" class=\"size-medium wp-image-2186\" src=\"http:\/\/www.ataciara.fi\/wp-content\/uploads\/2018\/08\/138192693_3788306744552845_1173688362818660689_o-300x200.jpg\" alt=\"\" width=\"300\" height=\"200\" srcset=\"http:\/\/www.ataciara.fi\/wp-content\/uploads\/2018\/08\/138192693_3788306744552845_1173688362818660689_o-300x200.jpg 300w, http:\/\/www.ataciara.fi\/wp-content\/uploads\/2018\/08\/138192693_3788306744552845_1173688362818660689_o-768x512.jpg 768w, http:\/\/www.ataciara.fi\/wp-content\/uploads\/2018\/08\/138192693_3788306744552845_1173688362818660689_o-1024x683.jpg 1024w, http:\/\/www.ataciara.fi\/wp-content\/uploads\/2018\/08\/138192693_3788306744552845_1173688362818660689_o.jpg 2048w\" sizes=\"(max-width: 300px) 100vw, 300px\" \/><\/a><p id=\"caption-attachment-2186\" class=\"wp-caption-text\">Olga 2v7kk<\/p><\/div>\n<div id=\"attachment_1798\" style=\"width: 310px\" class=\"wp-caption alignleft\"><a href=\"http:\/\/www.ataciara.fi\/cahppes-midsummer-night-faith-olga\/48963738_2134588333258036_119723282822856704_o-2\/\" rel=\"attachment wp-att-1798\"><img aria-describedby=\"caption-attachment-1798\" decoding=\"async\" loading=\"lazy\" class=\"wp-image-1798 size-medium\" src=\"http:\/\/www.ataciara.fi\/wp-content\/uploads\/2018\/08\/48963738_2134588333258036_119723282822856704_o-2-300x233.jpg\" alt=\"\" width=\"300\" height=\"233\" srcset=\"http:\/\/www.ataciara.fi\/wp-content\/uploads\/2018\/08\/48963738_2134588333258036_119723282822856704_o-2-300x233.jpg 300w, http:\/\/www.ataciara.fi\/wp-content\/uploads\/2018\/08\/48963738_2134588333258036_119723282822856704_o-2-768x595.jpg 768w, http:\/\/www.ataciara.fi\/wp-content\/uploads\/2018\/08\/48963738_2134588333258036_119723282822856704_o-2-1024x794.jpg 1024w, http:\/\/www.ataciara.fi\/wp-content\/uploads\/2018\/08\/48963738_2134588333258036_119723282822856704_o-2.jpg 1516w\" sizes=\"(max-width: 300px) 100vw, 300px\" \/><\/a><p id=\"caption-attachment-1798\" class=\"wp-caption-text\">Olga 6kk<\/p><\/div>\n<p>Olga on valjakon tinkim\u00e4t\u00f6n ty\u00f6myyr\u00e4. Olga juoksee tiimiss\u00e4 tai usein my\u00f6s py\u00f6r\u00e4ss\u00e4. Olgalla on aina paljon intoa ty\u00f6skennell\u00e4.<\/p>\n<p>Olga rakastaa kaikkia ihmisi\u00e4 ja on mieluiten todella l\u00e4hell\u00e4 ja syliss\u00e4.<\/p>\n<p>Olga on Mytologia pentueen em\u00e4 ja se hoiti kahdeksan pentuaan antaumuksella.<\/p>\n<p><a href=\"http:\/\/www.ataciara.fi\/cahppes-midsummer-night-faith-olga\/42308429_2008208215896049_2946695766644621312_o-2\/\" rel=\"attachment wp-att-1774\"><img decoding=\"async\" loading=\"lazy\" class=\"alignleft size-full wp-image-1774\" src=\"http:\/\/www.ataciara.fi\/wp-content\/uploads\/2018\/08\/42308429_2008208215896049_2946695766644621312_o-2.jpg\" alt=\"\" width=\"1097\" height=\"937\" srcset=\"http:\/\/www.ataciara.fi\/wp-content\/uploads\/2018\/08\/42308429_2008208215896049_2946695766644621312_o-2.jpg 1097w, http:\/\/www.ataciara.fi\/wp-content\/uploads\/2018\/08\/42308429_2008208215896049_2946695766644621312_o-2-300x256.jpg 300w, http:\/\/www.ataciara.fi\/wp-content\/uploads\/2018\/08\/42308429_2008208215896049_2946695766644621312_o-2-768x656.jpg 768w, http:\/\/www.ataciara.fi\/wp-content\/uploads\/2018\/08\/42308429_2008208215896049_2946695766644621312_o-2-1024x875.jpg 1024w\" sizes=\"(max-width: 1097px) 100vw, 1097px\" \/><\/a><\/p>\n","protected":false},"excerpt":{"rendered":"<p>Rekisterinumero:&nbsp;FI44950\/18 SE39126\/2018 Syntym\u00e4aika:&nbsp;22.6.2018 V\u00e4ri: harmaa valkoinen Terveys:&nbsp;Silm\u00e4t terveet Lonkat B\/B Kyyn\u00e4rp\u00e4\u00e4t 0\/0 Selk\u00e4 Sp 0, LTV1 PN terve, ei kantaja Turkki: ei pitk\u00e4karvageeni kantaja N\u00e4yttelyt: Fi Mva, vara-cacib Tulokset https:\/\/jalostus.kennelliitto.fi\/frmKoira.aspx?RekNo=FI44950%2F18&amp;R=243 Olga on valjakon tinkim\u00e4t\u00f6n ty\u00f6myyr\u00e4. Olga juoksee tiimiss\u00e4 tai usein &hellip; <a href=\"http:\/\/www.ataciara.fi\/?page_id=1748\">Continue reading <span class=\"meta-nav\">&rarr;<\/span><\/a><\/p>\n","protected":false},"author":2,"featured_media":0,"parent":0,"menu_order":0,"comment_status":"closed","ping_status":"closed","template":"","meta":[],"_links":{"self":[{"href":"http:\/\/www.ataciara.fi\/index.php?rest_route=\/wp\/v2\/pages\/1748"}],"collection":[{"href":"http:\/\/www.ataciara.fi\/index.php?rest_route=\/wp\/v2\/pages"}],"about":[{"href":"http:\/\/www.ataciara.fi\/index.php?rest_route=\/wp\/v2\/types\/page"}],"author":[{"embeddable":true,"href":"http:\/\/www.ataciara.fi\/index.php?rest_route=\/wp\/v2\/users\/2"}],"replies":[{"embeddable":true,"href":"http:\/\/www.ataciara.fi\/index.php?rest_route=%2Fwp%2Fv2%2Fcomments&post=1748"}],"version-history":[{"count":30,"href":"http:\/\/www.ataciara.fi\/index.php?rest_route=\/wp\/v2\/pages\/1748\/revisions"}],"predecessor-version":[{"id":2628,"href":"http:\/\/www.ataciara.fi\/index.php?rest_route=\/wp\/v2\/pages\/1748\/revisions\/2628"}],"wp:attachment":[{"href":"http:\/\/www.ataciara.fi\/index.php?rest_route=%2Fwp%2Fv2%2Fmedia&parent=1748"}],"curies":[{"name":"wp","href":"https:\/\/api.w.org\/{rel}","templated":true}]}}