{"id":1479,"date":"2017-04-17T17:57:23","date_gmt":"2017-04-17T14:57:23","guid":{"rendered":"http:\/\/www.ataciara.fi\/?page_id=1479"},"modified":"2025-11-09T08:55:25","modified_gmt":"2025-11-09T06:55:25","slug":"cahppes-walla-runo","status":"publish","type":"page","link":"http:\/\/www.ataciara.fi\/?page_id=1479","title":{"rendered":"C.I.B. C.I.B.-V FI MVA FI VMVA DK MVA EE MVA LT MVA RU MVA LV VMVA LT JMVA EE JMVA LTJV-18 TLNJW-18 TLNW-18 TLNW-20 BALTV-20 EUV-23 HeCVW-25\u00a0 Cahppes Walla (Runo)"},"content":{"rendered":"<p><a href=\"http:\/\/www.ataciara.fi\/muut\/cahppes-walla-runo\/82047718_2830905113626351_1993178856172814336_n\/\" rel=\"attachment wp-att-1993\"><img decoding=\"async\" loading=\"lazy\" class=\"alignleft wp-image-1993 size-full\" src=\"http:\/\/www.ataciara.fi\/wp-content\/uploads\/2017\/04\/82047718_2830905113626351_1993178856172814336_n.jpg\" alt=\"\" width=\"960\" height=\"720\" srcset=\"http:\/\/www.ataciara.fi\/wp-content\/uploads\/2017\/04\/82047718_2830905113626351_1993178856172814336_n.jpg 960w, http:\/\/www.ataciara.fi\/wp-content\/uploads\/2017\/04\/82047718_2830905113626351_1993178856172814336_n-300x225.jpg 300w, http:\/\/www.ataciara.fi\/wp-content\/uploads\/2017\/04\/82047718_2830905113626351_1993178856172814336_n-768x576.jpg 768w\" sizes=\"(max-width: 960px) 100vw, 960px\" \/><\/a><\/p>\n<p><a href=\"https:\/\/jalostus.kennelliitto.fi\/frmKoira.aspx?RekNo=FI28453%2F17&amp;R=135\" target=\"_blank\" rel=\"noopener\">Runo Koiranetiss\u00e4<\/a><\/p>\n<p><a href=\"https:\/\/hundar.skk.se\/hunddata\/Hund.aspx?hundid=3195805\" target=\"_blank\" rel=\"noopener\">Runo Hunddatassa<\/a><\/p>\n<p><a href=\"http:\/\/www.ataciara.fi\/?attachment_id=2786\" rel=\"attachment wp-att-2786\"><img decoding=\"async\" loading=\"lazy\" class=\"alignnone size-medium wp-image-2786\" src=\"http:\/\/www.ataciara.fi\/wp-content\/uploads\/2025\/07\/RLK_CAHPPES_WALLA_NL-6-200x300.jpg\" alt=\"\" width=\"200\" height=\"300\" srcset=\"http:\/\/www.ataciara.fi\/wp-content\/uploads\/2025\/07\/RLK_CAHPPES_WALLA_NL-6-200x300.jpg 200w, http:\/\/www.ataciara.fi\/wp-content\/uploads\/2025\/07\/RLK_CAHPPES_WALLA_NL-6-683x1024.jpg 683w, http:\/\/www.ataciara.fi\/wp-content\/uploads\/2025\/07\/RLK_CAHPPES_WALLA_NL-6-768x1151.jpg 768w, http:\/\/www.ataciara.fi\/wp-content\/uploads\/2025\/07\/RLK_CAHPPES_WALLA_NL-6-1025x1536.jpg 1025w, http:\/\/www.ataciara.fi\/wp-content\/uploads\/2025\/07\/RLK_CAHPPES_WALLA_NL-6.jpg 1366w\" sizes=\"(max-width: 200px) 100vw, 200px\" \/><\/a><\/p>\n<ul>\n<li><strong>Rekisterinumero<\/strong>:SE17362\/2017 \/ FI28453\/17<\/li>\n<li><strong>Syntym\u00e4aika<\/strong>:&nbsp;16.2.2017<\/li>\n<li><strong>V\u00e4ri<\/strong>: musta<\/li>\n<li><strong>Terveystulokset<\/strong>:\n<ul>\n<li>Pra-kantaja<\/li>\n<li>Lonkat B\/B<\/li>\n<li>Kyyn\u00e4rp\u00e4\u00e4t 0\/0<\/li>\n<li>Silm\u00e4t terveet<\/li>\n<li>polvilumpioluksaatio&nbsp; 0\/0<\/li>\n<li>syd\u00e4ntutkimuslausunto auskultaatiotutkimus sivu\u00e4\u00e4ni ei, oireeton<\/li>\n<\/ul>\n<\/li>\n<li><strong>N\u00e4yttely<small>C.I.B. FI MVA FI VMVA DK MVA EE MVA LT MVA RU MVA LT JMVA EE JMVA LTJV-18 TLNJW-18 TLNW-18 TLNW-20 BALTV-20 EUV-23<\/small>&nbsp;<\/strong>&nbsp; Nord-sert<\/li>\n<li><strong>Tulokset: <\/strong>\n<ul>\n<li>LTE 170pistett\u00e4<\/li>\n<li><a href=\"http:\/\/www.ataciara.fi\/muut\/cahppes-walla-runo\/82582380_2830905223626340_5681276309859205120_n\/\" rel=\"attachment wp-att-1995\"><img decoding=\"async\" loading=\"lazy\" class=\"size-medium wp-image-1995 alignright\" src=\"http:\/\/www.ataciara.fi\/wp-content\/uploads\/2017\/04\/82582380_2830905223626340_5681276309859205120_n-300x238.jpg\" alt=\"\" width=\"300\" height=\"238\" srcset=\"http:\/\/www.ataciara.fi\/wp-content\/uploads\/2017\/04\/82582380_2830905223626340_5681276309859205120_n-300x238.jpg 300w, http:\/\/www.ataciara.fi\/wp-content\/uploads\/2017\/04\/82582380_2830905223626340_5681276309859205120_n-768x608.jpg 768w, http:\/\/www.ataciara.fi\/wp-content\/uploads\/2017\/04\/82582380_2830905223626340_5681276309859205120_n.jpg 960w\" sizes=\"(max-width: 300px) 100vw, 300px\" \/><\/a>Paim-T Hyv\u00e4ksytty<strong><br \/>\n<a href=\"http:\/\/www.ataciara.fi\/muut\/cahppes-walla-runo\/42449518_2010069449043259_1220424728208998400_n-2\/\" rel=\"attachment wp-att-1769\"><img decoding=\"async\" loading=\"lazy\" class=\"wp-image-1769 alignleft\" src=\"http:\/\/www.ataciara.fi\/wp-content\/uploads\/2017\/04\/42449518_2010069449043259_1220424728208998400_n-2.jpg\" alt=\"\" width=\"358\" height=\"464\" srcset=\"http:\/\/www.ataciara.fi\/wp-content\/uploads\/2017\/04\/42449518_2010069449043259_1220424728208998400_n-2.jpg 478w, http:\/\/www.ataciara.fi\/wp-content\/uploads\/2017\/04\/42449518_2010069449043259_1220424728208998400_n-2-231x300.jpg 231w\" sizes=\"(max-width: 358px) 100vw, 358px\" \/><\/a><\/strong><\/li>\n<\/ul>\n<\/li>\n<\/ul>\n<p>Runo on sek\u00e4 ihmis- ett\u00e4 koirasosiaalinen ja matkustelee mielell\u00e4\u00e4n kaikkialle miss\u00e4 tapahtuu jotain. Runo on matkustellut paljon n\u00e4yttelyiss\u00e4 ja tapahtumissa ja osaa rentoutua ja rauhoittua joka paikassa.<\/p>\n<p>Runo rakastaa toimintaa ja on innokkaasti osallistumassa kaikkeen. Luonnetestiss\u00e4 tulos oli mahtava 170 pistett\u00e4 ja Runo todella on rohkea, reipas ja aktiivinen kaveri.<\/p>\n<p><a href=\"http:\/\/www.ataciara.fi\/?attachment_id=2782\" rel=\"attachment wp-att-2782\"><img decoding=\"async\" loading=\"lazy\" class=\"alignnone size-medium wp-image-2782\" src=\"http:\/\/www.ataciara.fi\/wp-content\/uploads\/2025\/07\/515014990_24167836616173225_2953994343467688840_n-282x300.jpg\" alt=\"\" width=\"282\" height=\"300\" srcset=\"http:\/\/www.ataciara.fi\/wp-content\/uploads\/2025\/07\/515014990_24167836616173225_2953994343467688840_n-282x300.jpg 282w, http:\/\/www.ataciara.fi\/wp-content\/uploads\/2025\/07\/515014990_24167836616173225_2953994343467688840_n-964x1024.jpg 964w, http:\/\/www.ataciara.fi\/wp-content\/uploads\/2025\/07\/515014990_24167836616173225_2953994343467688840_n-768x816.jpg 768w, http:\/\/www.ataciara.fi\/wp-content\/uploads\/2025\/07\/515014990_24167836616173225_2953994343467688840_n-1446x1536.jpg 1446w, http:\/\/www.ataciara.fi\/wp-content\/uploads\/2025\/07\/515014990_24167836616173225_2953994343467688840_n.jpg 1928w\" sizes=\"(max-width: 282px) 100vw, 282px\" \/><\/a><\/p>\n<p><a href=\"http:\/\/www.ataciara.fi\/?attachment_id=2783\" rel=\"attachment wp-att-2783\"><img decoding=\"async\" loading=\"lazy\" class=\"size-medium wp-image-2783 alignright\" src=\"http:\/\/www.ataciara.fi\/wp-content\/uploads\/2025\/07\/515054101_10223386056639034_6621142682548623182_n-300x200.jpg\" alt=\"\" width=\"300\" height=\"200\" srcset=\"http:\/\/www.ataciara.fi\/wp-content\/uploads\/2025\/07\/515054101_10223386056639034_6621142682548623182_n-300x200.jpg 300w, http:\/\/www.ataciara.fi\/wp-content\/uploads\/2025\/07\/515054101_10223386056639034_6621142682548623182_n-1024x683.jpg 1024w, http:\/\/www.ataciara.fi\/wp-content\/uploads\/2025\/07\/515054101_10223386056639034_6621142682548623182_n-768x512.jpg 768w, http:\/\/www.ataciara.fi\/wp-content\/uploads\/2025\/07\/515054101_10223386056639034_6621142682548623182_n-1536x1024.jpg 1536w, http:\/\/www.ataciara.fi\/wp-content\/uploads\/2025\/07\/515054101_10223386056639034_6621142682548623182_n.jpg 2048w\" sizes=\"(max-width: 300px) 100vw, 300px\" \/><\/a><\/p>\n<div id=\"attachment_1536\" style=\"width: 310px\" class=\"wp-caption alignleft\"><a href=\"http:\/\/www.ataciara.fi\/muut\/cahppes-walla-runo\/18527342_1474632059253670_44714653512547883_o\/\" rel=\"attachment wp-att-1536\"><img aria-describedby=\"caption-attachment-1536\" decoding=\"async\" loading=\"lazy\" class=\"size-medium wp-image-1536\" src=\"http:\/\/www.ataciara.fi\/wp-content\/uploads\/2017\/04\/18527342_1474632059253670_44714653512547883_o-300x200.jpg\" alt=\"\" width=\"300\" height=\"200\" srcset=\"http:\/\/www.ataciara.fi\/wp-content\/uploads\/2017\/04\/18527342_1474632059253670_44714653512547883_o-300x200.jpg 300w, http:\/\/www.ataciara.fi\/wp-content\/uploads\/2017\/04\/18527342_1474632059253670_44714653512547883_o-768x512.jpg 768w, http:\/\/www.ataciara.fi\/wp-content\/uploads\/2017\/04\/18527342_1474632059253670_44714653512547883_o-1024x683.jpg 1024w, http:\/\/www.ataciara.fi\/wp-content\/uploads\/2017\/04\/18527342_1474632059253670_44714653512547883_o.jpg 1440w\" sizes=\"(max-width: 300px) 100vw, 300px\" \/><\/a><p id=\"caption-attachment-1536\" class=\"wp-caption-text\">Runo 3kk<\/p><\/div>\n<p><a href=\"http:\/\/www.ataciara.fi\/cahppes-walla-runo\/18009931_1441747575875452_157918806_n\/\" rel=\"attachment wp-att-1481\"><img decoding=\"async\" loading=\"lazy\" class=\"alignleft size-medium wp-image-1481\" src=\"http:\/\/www.ataciara.fi\/wp-content\/uploads\/2017\/04\/18009931_1441747575875452_157918806_n-225x300.jpg\" alt=\"\" width=\"225\" height=\"300\" srcset=\"http:\/\/www.ataciara.fi\/wp-content\/uploads\/2017\/04\/18009931_1441747575875452_157918806_n-225x300.jpg 225w, http:\/\/www.ataciara.fi\/wp-content\/uploads\/2017\/04\/18009931_1441747575875452_157918806_n.jpg 720w\" sizes=\"(max-width: 225px) 100vw, 225px\" \/><\/a><\/p>\n","protected":false},"excerpt":{"rendered":"<p>Runo Koiranetiss\u00e4 Runo Hunddatassa Rekisterinumero:SE17362\/2017 \/ FI28453\/17 Syntym\u00e4aika:&nbsp;16.2.2017 V\u00e4ri: musta Terveystulokset: Pra-kantaja Lonkat B\/B Kyyn\u00e4rp\u00e4\u00e4t 0\/0 Silm\u00e4t terveet polvilumpioluksaatio&nbsp; 0\/0 syd\u00e4ntutkimuslausunto auskultaatiotutkimus sivu\u00e4\u00e4ni ei, oireeton N\u00e4yttelyC.I.B. FI MVA FI VMVA DK MVA EE MVA LT MVA RU MVA LT JMVA &hellip; <a href=\"http:\/\/www.ataciara.fi\/?page_id=1479\">Continue reading <span class=\"meta-nav\">&rarr;<\/span><\/a><\/p>\n","protected":false},"author":2,"featured_media":0,"parent":975,"menu_order":1,"comment_status":"closed","ping_status":"closed","template":"","meta":[],"_links":{"self":[{"href":"http:\/\/www.ataciara.fi\/index.php?rest_route=\/wp\/v2\/pages\/1479"}],"collection":[{"href":"http:\/\/www.ataciara.fi\/index.php?rest_route=\/wp\/v2\/pages"}],"about":[{"href":"http:\/\/www.ataciara.fi\/index.php?rest_route=\/wp\/v2\/types\/page"}],"author":[{"embeddable":true,"href":"http:\/\/www.ataciara.fi\/index.php?rest_route=\/wp\/v2\/users\/2"}],"replies":[{"embeddable":true,"href":"http:\/\/www.ataciara.fi\/index.php?rest_route=%2Fwp%2Fv2%2Fcomments&post=1479"}],"version-history":[{"count":39,"href":"http:\/\/www.ataciara.fi\/index.php?rest_route=\/wp\/v2\/pages\/1479\/revisions"}],"predecessor-version":[{"id":2819,"href":"http:\/\/www.ataciara.fi\/index.php?rest_route=\/wp\/v2\/pages\/1479\/revisions\/2819"}],"up":[{"embeddable":true,"href":"http:\/\/www.ataciara.fi\/index.php?rest_route=\/wp\/v2\/pages\/975"}],"wp:attachment":[{"href":"http:\/\/www.ataciara.fi\/index.php?rest_route=%2Fwp%2Fv2%2Fmedia&parent=1479"}],"curies":[{"name":"wp","href":"https:\/\/api.w.org\/{rel}","templated":true}]}}