{"id":1024,"date":"2014-01-31T21:49:47","date_gmt":"2014-01-31T19:49:47","guid":{"rendered":"http:\/\/www.ataciara.fi\/?page_id=1024"},"modified":"2017-06-21T15:04:16","modified_gmt":"2017-06-21T12:04:16","slug":"musikaalin-olympia-voitto-voitto","status":"publish","type":"page","link":"http:\/\/www.ataciara.fi\/?page_id=1024","title":{"rendered":"Musikaalin Olympia Voitto (Voitto)"},"content":{"rendered":"<p><a href=\"http:\/\/www.ataciara.fi\/musikaalin-olympia-voitto-voitto\/vbbb\/\" rel=\"attachment wp-att-1630\"><img decoding=\"async\" loading=\"lazy\" class=\"alignleft size-large wp-image-1630\" src=\"http:\/\/www.ataciara.fi\/wp-content\/uploads\/2014\/01\/vbbb-1024x683.jpg\" alt=\"\" width=\"640\" height=\"427\" srcset=\"http:\/\/www.ataciara.fi\/wp-content\/uploads\/2014\/01\/vbbb-1024x683.jpg 1024w, http:\/\/www.ataciara.fi\/wp-content\/uploads\/2014\/01\/vbbb-300x200.jpg 300w, http:\/\/www.ataciara.fi\/wp-content\/uploads\/2014\/01\/vbbb-768x512.jpg 768w\" sizes=\"(max-width: 640px) 100vw, 640px\" \/><\/a> <a href=\"http:\/\/www.ataciara.fi\/musikaalin-olympia-voitto-voitto\/vvv\/\" rel=\"attachment wp-att-1631\"><img decoding=\"async\" loading=\"lazy\" class=\"alignleft size-medium wp-image-1631\" src=\"http:\/\/www.ataciara.fi\/wp-content\/uploads\/2014\/01\/vvv-200x300.jpg\" alt=\"\" width=\"200\" height=\"300\" srcset=\"http:\/\/www.ataciara.fi\/wp-content\/uploads\/2014\/01\/vvv-200x300.jpg 200w, http:\/\/www.ataciara.fi\/wp-content\/uploads\/2014\/01\/vvv-768x1152.jpg 768w, http:\/\/www.ataciara.fi\/wp-content\/uploads\/2014\/01\/vvv-683x1024.jpg 683w, http:\/\/www.ataciara.fi\/wp-content\/uploads\/2014\/01\/vvv.jpg 2000w\" sizes=\"(max-width: 200px) 100vw, 200px\" \/><\/a><\/p>\n<p style=\"text-align: left;\"><a href=\"http:\/\/jalostus.kennelliitto.fi\/frmKoira.aspx?RekNo=FI49937\/12&amp;R=201\">Voitto Koiranetiss\u00e4<\/a><\/p>\n<ul>\n<li><strong>Rekisterinumero<\/strong>: FI49937\/12<\/li>\n<li><strong>Syntym\u00e4aika<\/strong>: 30.8.2012<\/li>\n<li><strong>V\u00e4ri<\/strong>: valkoinen<\/li>\n<li><strong>Terveystulokset<\/strong>:<\/li>\n<li>Lonkat B\/B<\/li>\n<li>Kyyn\u00e4r\u00e4t 0\/0<\/li>\n<li><strong>N\u00e4yttelyt: <\/strong>Sert<strong><br \/>\n<\/strong><\/li>\n<\/ul>\n<p>Voitto on laumanvartija Maremmano abruzzese, joka muutti meille 1v4kk ik\u00e4isen\u00e4 kasvattajalta ja valloitti kaikki heti. Voitto on yst\u00e4v\u00e4llinen ja kiltti omalle perheelle, vieraisiin se suhtautuu ep\u00e4ilev\u00e4sti. Muiden koirien kanssa Voitto tulee hyvin toimeen, r\u00e4yh\u00e4\u00e4viin muuttipoikiin ei viitsi paljoa katsoakaan. My\u00f6hemmin Voiton teht\u00e4v\u00e4n\u00e4 on tilan vartioiminen, kunhan kaikki on saatu aidattua<\/p>\n<p>&nbsp;<\/p>\n<p>Lis\u00e4\u00e4 tietoa rodusta <a href=\"http:\/\/www.maremmano-abruzzese.fi\/\" target=\"_blank\" rel=\"noopener\">http:\/\/www.maremmano-abruzzese.fi\/<\/a><\/p>\n<p>&nbsp;<\/p>\n<p><a href=\"http:\/\/www.ataciara.fi\/musikaalin-olympia-voitto-voitto\/voitto-2\/\" rel=\"attachment wp-att-1050\"><img decoding=\"async\" loading=\"lazy\" class=\"aligncenter wp-image-1050\" src=\"http:\/\/www.ataciara.fi\/wp-content\/uploads\/2014\/01\/voitto1.jpg\" alt=\"voitto\" width=\"576\" height=\"404\" srcset=\"http:\/\/www.ataciara.fi\/wp-content\/uploads\/2014\/01\/voitto1.jpg 960w, http:\/\/www.ataciara.fi\/wp-content\/uploads\/2014\/01\/voitto1-300x210.jpg 300w\" sizes=\"(max-width: 576px) 100vw, 576px\" \/><\/a><\/p>\n","protected":false},"excerpt":{"rendered":"<p>Voitto Koiranetiss\u00e4 Rekisterinumero: FI49937\/12 Syntym\u00e4aika: 30.8.2012 V\u00e4ri: valkoinen Terveystulokset: Lonkat B\/B Kyyn\u00e4r\u00e4t 0\/0 N\u00e4yttelyt: Sert Voitto on laumanvartija Maremmano abruzzese, joka muutti meille 1v4kk ik\u00e4isen\u00e4 kasvattajalta ja valloitti kaikki heti. Voitto on yst\u00e4v\u00e4llinen ja kiltti omalle perheelle, vieraisiin se suhtautuu &hellip; <a href=\"http:\/\/www.ataciara.fi\/?page_id=1024\">Continue reading <span class=\"meta-nav\">&rarr;<\/span><\/a><\/p>\n","protected":false},"author":2,"featured_media":0,"parent":0,"menu_order":0,"comment_status":"closed","ping_status":"open","template":"","meta":[],"_links":{"self":[{"href":"http:\/\/www.ataciara.fi\/index.php?rest_route=\/wp\/v2\/pages\/1024"}],"collection":[{"href":"http:\/\/www.ataciara.fi\/index.php?rest_route=\/wp\/v2\/pages"}],"about":[{"href":"http:\/\/www.ataciara.fi\/index.php?rest_route=\/wp\/v2\/types\/page"}],"author":[{"embeddable":true,"href":"http:\/\/www.ataciara.fi\/index.php?rest_route=\/wp\/v2\/users\/2"}],"replies":[{"embeddable":true,"href":"http:\/\/www.ataciara.fi\/index.php?rest_route=%2Fwp%2Fv2%2Fcomments&post=1024"}],"version-history":[{"count":10,"href":"http:\/\/www.ataciara.fi\/index.php?rest_route=\/wp\/v2\/pages\/1024\/revisions"}],"predecessor-version":[{"id":1049,"href":"http:\/\/www.ataciara.fi\/index.php?rest_route=\/wp\/v2\/pages\/1024\/revisions\/1049"}],"wp:attachment":[{"href":"http:\/\/www.ataciara.fi\/index.php?rest_route=%2Fwp%2Fv2%2Fmedia&parent=1024"}],"curies":[{"name":"wp","href":"https:\/\/api.w.org\/{rel}","templated":true}]}}